is -1100100 + 11000110?
1100010
In base 4, what is -10 - 1102003?
-1102013
In base 2, what is -10010001110010 - 1111110?
-10010011110000
In base 16, what is -29cc84 - 1?
-29cc85
In base 3, what is 220002120 + -12?
220002101
In base 14, what is -3 - -10a7d9?
10a7d6
In base 5, what is 13011 + 1211?
14222
In base 3, what is -10 + -100110221221?
-100110222001
In base 13, what is 186b42 - 2?
186b40
In base 2, what is 10000 - 1100110101000?
-1100110011000
In base 3, what is 2020120 - -120?
2021010
In base 13, what is -1405 + 15?
-13c0
In base 9, what is 1 + 24542?
24543
In base 14, what is 29c3c + 3?
29c41
In base 9, what is 4 - -44860?
44864
In base 15, what is -3 + 37d03?
37d00
In base 12, what is -2 + -6234?
-6236
In base 8, what is 1550244 + 0?
1550244
In base 10, what is 266 + -3844?
-3578
In base 7, what is 2 - 3646545?
-3646543
In base 11, what is -469 + 2?
-467
In base 13, what is -a346 + 56?
-a2c0
In base 2, what is -10001010000 + 10100011?
-1110101101
In base 2, what is -101100110100 - 111?
-101100111011
In base 8, what is -15 - -5665?
5650
In base 4, what is -123 + 20000?
13211
In base 6, what is 3553545 + 21?
3554010
In base 7, what is 1434243 - 3?
1434240
In base 9, what is -762 - -325?
-436
In base 10, what is 5 + -17331?
-17326
In base 10, what is 14 + 99285?
99299
In base 6, what is 121515 + 10?
121525
In base 5, what is -4221113403 + -4?
-4221113412
In base 14, what is -8cb71 + 0?
-8cb71
In base 3, what is -221010 - -110?
-220200
In base 2, what is 1001 + -111111110?
-111110101
In base 2, what is -10010 + -111111010011000010?
-111111010011010100
In base 16, what is 1289 + 3d?
12c6
In base 6, what is -1503 + -43?
-1550
In base 13, what is 3 - -15472b?
154731
In base 3, what is 10010120 + 110?
10011000
In base 4, what is 322120112 - -1?
322120113
In base 5, what is 1313104 - 10?
1313044
In base 2, what is -11011111010100010100 + -11?
-11011111010100010111
In base 14, what is d81 + 2?
d83
In base 4, what is 31021330 - 131?
31021133
In base 9, what is -71 + -728?
-810
In base 5, what is -314400303 - -2?
-314400301
In base 15, what is 196 + -37?
15e
In base 15, what is 528 + 662?
b8a
In base 12, what is 384a + -58?
37b2
In base 14, what is 3b2 - 0?
3b2
In base 13, what is -454 + -a?
-461
In base 6, what is 5 - -12155021?
12155030
In base 6, what is -143020 + -1?
-143021
In base 16, what is -f + 29ce?
29bf
In base 12, what is -2bb1a + -2?
-2bb20
In base 5, what is -141 - -114223?
114032
In base 15, what is 1b - -2288?
22a4
In base 13, what is -2a49 - 100?
-2b49
In base 4, what is -23331132 - -110?
-23331022
In base 2, what is 0 + -1010101100010?
-1010101100010
In base 10, what is 76 - 17125?
-17049
In base 10, what is 585 - 322?
263
In base 4, what is -130 + -20311202?
-20311332
In base 15, what is -4 - -1578e?
1578a
In base 6, what is -11 + 125433?
125422
In base 9, what is 5 - -65763?
65768
In base 16, what is -5 + -9680?
-9685
In base 2, what is 10 - 101000000110011100?
-101000000110011010
In base 2, what is -101111000 - -101101111011?
101000000011
In base 14, what is 3 - -c7805?
c7808
In base 3, what is 10200202212101 - 12?
10200202212012
In base 3, what is -111202100 - 1?
-111202101
In base 10, what is -100703 - 10?
-100713
In base 15, what is b714 - 25?
b6de
In base 13, what is 4a + -216?
-199
In base 12, what is 5 - -8120?
8125
In base 7, what is -604041 - 4?
-604045
In base 8, what is -42026 + -61?
-42107
In base 5, what is 1211334 - 40?
1211244
In base 15, what is 1950b + 2?
1950d
In base 10, what is -586225 + 4?
-586221
In base 9, what is -4 - -68186?
68182
In base 11, what is 5 + -41a7a?
-41a75
In base 15, what is 17 + b92?
ba9
In base 11, what is -162 - 212?
-374
In base 8, what is 175577 + -5?
175572
In base 10, what is -8921 + 2?
-8919
In base 6, what is 10 + 3201?
3211
In base 15, what is -17c5e + 3?
-17c5b
In base 8, what is -13 + 16521?
16506
In base 11, what is -4015 - -4?
-4011
In base 13, what is -1c + -620?
-63c
In base 11, what is -2 - -a34a?
a348
In base 7, what is -1 + -1014514?
-1014515
In base 15, what is 35 + -35b5?
-3580
In base 12, what is 1131 + -6?
1127
In base 2, what is -111000 - -1111010000?
1110011000
In base 6, what is -13 - -341503?
341450
In base 6, what is 2511304 - -124?
2511432
In base 2, what is 1111000 - 101101110?
-11110110
In base 4, what is 10 + 21032021?
21032031
In base 13, what is 7 - -8a81?
8a88
In base 13, what is 724a77 - 3?
724a74
In base 3, what is -11 - -111201220212?
111201220201
In base 6, what is -235150 + 344?
-234402
In base 2, what is 1011010000 + 10010101111?
11101111111
In base 3, what is 112120 + 112121001?
120010121
In base 5, what is -2404132 - -3?
-2404124
In base 5, what is -233224 - 3?
-233232
In base 3, what is -12 - 111102222?
-111110011
In base 7, what is -256 + 2230?
1641
In base 5, what is -1214 - 44322?
-101041
In base 5, what is 2130112 - 44?
2130013
In base 9, what is 15 + -3867?
-3852
In base 14, what is -38 + -8?
-42
In base 10, what is 41 + 70?
111
In base 4, what is 2313 + -12233?
-3320
In base 12, what is -79a - 20?
-7ba
In base 16, what is 1171f - -13?
11732
In base 2, what is -10101110 - 10110100010110?
-10110111000100
In base 12, what is 553 + -1a87?
-1534
In base 3, what is 2011 + -102012?
-100001
In base 10, what is -27996 - 68?
-28064
In base 16, what is 3e + -30ba?
-307c
In base 9, what is 3 + -75160?
-75156
In base 3, what is -11 + 2200210?
2200122
In base 4, what is 120 - -1002023?
1002203
In base 10, what is 1701 - 25?
1676
In base 11, what is -5 + 3626?
3621
In base 13, what is 2 - 3a7?
-3a5
In base 7, what is 2 - 122202?
-122200
In base 12, what is -29275 - 3?
-29278
In base 14, what is -bc + 88d?
7b1
In base 13, what is -11 - -4070?
405c
In base 14, what is 22b393 + -3?
22b390
In base 14, what is -6a492 + 4?
-6a48c
In base 6, what is 34132 + 30?
34202
In base 11, what is -71463a - 0?
-71463a
In base 16, what is 11 + 644d?
645e
In base 15, what is 37 + 487?
4be
In base 10, what is -325499 + 0?
-325499
In base 8, what is -12 + 716466?
716454
In base 7, what is 261662 + 1?
261663
In base 16, what is 85 + 1868?
18ed
In base 15, what is 1 + 16dce?
16dd0
In base 6, what is -3 + -2030010?
-2030013
In base 2, what is 11001010001001111 - -10?
11001010001010001
In base 9, what is 33 + -2726?
-2683
In base 8, what is 373 - 5043?
-4450
In base 10, what is -76897 + 14?
-76883
In base 3, what is -212 - -11002?
10020
In base 3, what is 121 + -2100222?
-2100101
In base 8, what is -3 + 1427?
1424
In base 12, what is ab + -a417?
-a328
In base 4, what is -300 - 2302010?
-2302310
In base 9, what is -733 + 128?
-604
In base 16, what is -2 + -9af?
-9b1
In base 15, what is -7347 - 4?
-734b
In base 9, what is 28854 - 61?
28783
In base 9, what is 2301 - 87?
2203
In base 14, what is 4 - -1a15?
1a19
In base 15, what is 3 - 32a8d?
-32a8a
In base 13, what is -1007b - 3?
-10081
In base 7, what is 34 - 20332?
-20265
In base 7, what is -1 + -11521?
-11522
In base 2, what is -10100001000101 - -11010?
-10100000101011
In base 12, what is 66b9a + 1?
66b9b
In base 14, what is 5 - -70a15?
70a1a
In base 16, what is -14d3c - 1?
-14d3d
In base 9, what is -45 + -1120?
-1165
In base 5, what is -2334 + 43?
-2241
In base 2, what is -11111 - -1011011001100?
1011010101101
In base 15, what is 3953 + d?
3961
In base 4, what is 11 - -222030113?
222030130
In base 16, what is -9e - 15a7?
-1645
In base 9, what is -383851 + 1?
-383850
In base 3, what is 102002202 - -200?
102010102
In base 4, what is 111113202110 + -11?
111113202033
In base 15, what is 9a - -d7?
182
In base 11, what is -98423 - -42?
-98391
In base 5, what is 4 + 233211?
233220
In base 5, what is -2134213 - -342?
-2133321
In base 11, what is 403 + 241?
644
In base 10, what is -2036774 + -5?
-2036779
In base 4, what is 10 - -211010?
211020
In base 13, what is 1 - -33724?
33725
In base 5, what is 2 + 221424334?
221424341
In base 14, what is 486 - -233?
6b9
In base 3, what is -2122022 - -1202?
-2120120
In base 14, what is -7617 + 94?
-7563
In base 6, what is -125053 + 25?
-125024
In base 16, what is -37 + -3f89?
-3fc0
In base 6, what is -342 - 3?
-345
In base 15, what is -b4 - -5d9?
525
In base 6, what is -25035211 + -1?
-25035212
In base 16, what is -3 - 33ca?
-33cd
In base 13, what is -19 + 67c60?
67c44
In base 5, what is 2 - 222